41b?
-53ea
In base 4, what is -1 - 33200132213?
-33200132220
In base 4, what is -221 + -30023220223?
-30023221110
In base 4, what is 10031 + -113000?
-102303
In base 6, what is 12 - 52510521?
-52510505
In base 4, what is 21330010 - -32333?
22023003
In base 9, what is -4 - 701085?
-701100
In base 10, what is 1666231 - -69?
1666300
In base 7, what is -22212 - 4026?
-26241
In base 8, what is -7060011261 - -3?
-7060011256
In base 6, what is 1003404035 - 5?
1003404030
In base 3, what is 2110000011212 - -102021?
2110000121010
In base 13, what is -2bb - -bccca?
bca0c
In base 13, what is -1ac + 122b46?
122967
In base 13, what is -2a + 5ca74?
5ca47
In base 8, what is 7 + 522075105?
522075114
In base 9, what is -3371881 - 5?
-3371886
In base 15, what is c - -40101?
4010d
In base 2, what is 1110110100100 + -101100011110111?
-11101101010011
In base 3, what is -1010000 - -10201010001?
10200000001
In base 12, what is -2a868947 + -3?
-2a86894a
In base 14, what is 1120 + 3380?
44a0
In base 12, what is -ba0588 + 0?
-ba0588
In base 4, what is 1310202331 - 30?
1310202301
In base 5, what is 14234 - 1022030?
-1002241
In base 7, what is 2 + 101622611?
101622613
In base 15, what is 1c8d + 5ee?
238c
In base 3, what is -10111020 - 120220?
-11002010
In base 7, what is 1064121 + 55?
1064206
In base 3, what is 12 - -11022121120?
11022121202
In base 6, what is 35 + -130442?
-130403
In base 5, what is 32411 + -334?
32022
In base 16, what is -15d283b + 0?
-15d283b
In base 8, what is -1 + 363263751?
363263750
In base 16, what is -175c + 1e42?
6e6
In base 15, what is -3 + 9d519d?
9d519a
In base 13, what is 4 + -583cb3?
-583cac
In base 2, what is 111100100 + 100111110001?
101111010101
In base 3, what is 1122000222200210 - 10?
1122000222200200
In base 6, what is 1115 - -3320011?
3321130
In base 12, what is -352083 - -188?
-351ab7
In base 11, what is -40663 + -a?
-40672
In base 13, what is -480 - b43?
-12c3
In base 2, what is 1011001101110011000 - -1001010?
1011001101111100010
In base 16, what is -20b7bc + 23?
-20b799
In base 3, what is 10000211020110011 - -12?
10000211020110100
In base 10, what is 14 + 219514?
219528
In base 9, what is -51736 + -44?
-51781
In base 10, what is 4498 + 66871?
71369
In base 14, what is 12 + c9a64?
c9a76
In base 4, what is 1102 + -12113221201?
-12113220033
In base 14, what is 799d3d - -2?
799d41
In base 14, what is -93bc - -bc?
-9300
In base 13, what is 9bcc90 + -2?
9bcc8b
In base 4, what is 112113232013 - -3?
112113232022
In base 5, what is -20103203 + 111314?
-14441334
In base 7, what is 4513352 - 1006?
4512343
In base 12, what is a1 - -1b3b?
2020
In base 10, what is 6931636 - -6?
6931642
In base 4, what is 0 + -10202010203?
-10202010203
In base 10, what is -1319262 + 8?
-1319254
In base 5, what is 23120 + -23022?
43
In base 6, what is -125120 + 433?
-124243
In base 7, what is 11612 - 531261?
-516346
In base 5, what is 102032 + -4241?
42241
In base 15, what is 0 + -d2235?
-d2235
In base 15, what is 764c46 - 9?
764c3c
In base 10, what is -2721 + 154028?
151307
In base 12, what is 96b547 + -18?
96b52b
In base 2, what is 1111001101110110 - -1101111001?
1111011011101111
In base 7, what is -35 - 25314625?
-25314663
In base 2, what is 11001010011111010100001100 - -101?
11001010011111010100010001
In base 13, what is a601 - -7569?
14b6a
In base 3, what is 12112211 - 20001?
12022210
In base 7, what is -6 + 6422342?
6422333
In base 13, what is -33 - -58a7b?
58a48
In base 2, what is -110011100111 - -10001001111000010?
10000011011011011
In base 14, what is -215ac343 - 0?
-215ac343
In base 15, what is 8e04 - 11?
8de3
In base 5, what is -12 + -123331030?
-123331042
In base 11, what is 971 - -282288?
283149
In base 5, what is -441403023 + 1?
-441403022
In base 13, what is -297 + 5302?
5038
In base 14, what is 4428d - 18?
44275
In base 6, what is -30333041 - -10?
-30333031
In base 14, what is 5 - -6c5a5?
6c5aa
In base 6, what is 303302 + 401?
304103
In base 5, what is 30143430342 + -1?
30143430341
In base 16, what is -394 + 16a01?
1666d
In base 11, what is -115 - 3a763?
-3a878
In base 13, what is -39c097a + 12?
-39c0968
In base 8, what is 25552 + 13?
25565
In base 13, what is 2567cb89 - -5?
2567cb91
In base 7, what is 543322162 - -1?
543322163
In base 15, what is -1461 - 601?
-1a62
In base 11, what is 112112 + 515?
112627
In base 15, what is 2 - ac55d4?
-ac55d2
In base 16, what is 3 - 366bd1?
-366bce
In base 6, what is -1141135001 + 2?
-1141134555
In base 6, what is 143 + -142343433?
-142343250
In base 8, what is 65706 - -1173?
67101
In base 15, what is -250 - 128902?
-128b52
In base 2, what is 111110100101101111110 - -1001?
111110100101110000111
In base 4, what is 3321121311312031 + 3?
3321121311312100
In base 11, what is 0 + -844336?
-844336
In base 4, what is -2 - 1133321113330?
-1133321113332
In base 14, what is -16250 + 884?
-157aa
In base 6, what is -1015502 + 1453?
-1014005
In base 16, what is -4a16 + 4e?
-49c8
In base 2, what is 1110 + 11010111010001110111?
11010111010010000101
In base 8, what is 4 + 420677503?
420677507
In base 2, what is 111100101000100010010111 + -10?
111100101000100010010101
In base 8, what is 1466375153 - 6?
1466375145
In base 13, what is 1b + 2039cb5?
203a003
In base 12, what is -207b + -49aa2?
-4bb61
In base 4, what is 20013313 - 12233210?
1120103
In base 12, what is 665846 + 1b?
665865
In base 6, what is 0 + -1145403541?
-1145403541
In base 13, what is 395417b - -4?
3954182
In base 15, what is 959 - 22c1?
-1867
In base 8, what is 7645662 + -727?
7644733
In base 5, what is 320010 + -321432?
-1422
In base 9, what is -2 + -113218667?
-113218670
In base 13, what is 165173a5 - -1?
165173a6
In base 13, what is 250153 - -4?
250157
In base 3, what is 120 - 1101001110010?
-1101001102120
In base 8, what is -12663544 + 6?
-12663536
In base 16, what is 43cd4 - -c?
43ce0
In base 8, what is 2002626 - 5?
2002621
In base 15, what is 3 + -57b814a?
-57b8147
In base 14, what is c + b808d?
b809b
In base 8, what is 332416 + 464?
333102
In base 14, what is -7dc - 2012?
-2810
In base 14, what is -7ab8413 - -3?
-7ab8410
In base 2, what is 1001 + -111001100011111100?
-111001100011110011
In base 11, what is 11603 - 1259?
10355
In base 8, what is -3 - -323731433?
323731430
In base 15, what is -13280b - -3?
-132808
In base 3, what is 2 - -101000102201001?
101000102201010
In base 7, what is 350 - -325310?
325660
In base 2, what is 10001000100 - -1011101011?
11100101111
In base 9, what is -1 + 20884013?
20884012
In base 15, what is -15da - -4d22?
3737
In base 8, what is -124701 + 2001?
-122700
In base 14, what is -3 + -11d640?
-11d643
In base 8, what is 3447631 + -11?
3447620
In base 11, what is -2193 - 1340?
-3523
In base 15, what is 3 - ebc1?
-ebbd
In base 4, what is 20 - 1021130333013?
-1021130332333
In base 16, what is 24e + 3d65?
3fb3
In base 4, what is 3031 - 2200033020?
-2200023323
In base 15, what is -5 - 211680d?
-2116813
In base 14, what is -12198 - -2b84?
-d414
In base 11, what is 165379 + -251?
165128
In base 4, what is 1022033 + 2321101?
10003200
In base 6, what is -31422400 + -11?
-31422411
In base 15, what is 5015870 + 5?
5015875
In base 3, what is 2000222222020112 - 2?
2000222222020110
In base 10, what is -40404 + 283?
-40121
In base 6, what is -31112 + 130125?
55013
In base 11, what is a58 - -121a2?
1314a
In base 13, what is -113b2 - 1621?
-12a03
In base 10, what is -705359 + 3?
-705356
In base 12, what is 6452 + -6ba?
5954
In base 6, what is 44 + 42205403?
42205451
In base 10, what is 1 - 970064?
-970063
In base 7, what is 3021225 + -24?
3021201
In base 5, what is -10144 + -331303?
-342002
In base 10, what is 0 - 9305448?
-9305448
In base 13, what is 3ab2 + -113b?
2974
In base 9, what is 44748445 + -4?
44748441
In base 7, what is -105 + 3051646?
3051541
In base 12, what is 1a66325 + 5?
1a6632a
In base 3, what is 10120122012202 + -12?
10120122012120
In base 7, what is 306156 - -50?
306236
In base 8, what is -1560250 + -12?
-1560262
In base 2, what is -1010110 - -11111001001100000?
11111001000001010
In base 11, what is -4 - 30155?
-30159
In base 15, what is 6 + 227c24c?
227c253
In base 12, what is 761863 + 5?
761868
In base 6, what is -245130 - 2015?
-251145
In base 5, what is 2232434 + 13220?
2301204
In base 7, what is -1244422 - 144?
-12